{"id":3028,"date":"2024-10-31T09:38:50","date_gmt":"2024-10-31T08:38:50","guid":{"rendered":"https:\/\/intesiscon.es\/chemagimeno\/?page_id=3028"},"modified":"2025-01-22T13:13:54","modified_gmt":"2025-01-22T12:13:54","slug":"catedras","status":"publish","type":"page","link":"https:\/\/personal.unizar.es\/gimenof\/catedras\/","title":{"rendered":"C\u00c1TEDRAS"},"content":{"rendered":"<p>[et_pb_section fb_built=\u00bb1&#8243; _builder_version=\u00bb4.27.3&#8243; _module_preset=\u00bbdefault\u00bb global_colors_info=\u00bb{}\u00bb][et_pb_row column_structure=\u00bb1_2,1_2&#8243; _builder_version=\u00bb4.27.3&#8243; _module_preset=\u00bbdefault\u00bb global_colors_info=\u00bb{}\u00bb][et_pb_column type=\u00bb1_2&#8243; _builder_version=\u00bb4.27.3&#8243; _module_preset=\u00bbdefault\u00bb global_colors_info=\u00bb{}\u00bb][et_pb_image src=\u00bbhttps:\/\/personal.unizar.es\/gimenof\/wp-content\/uploads\/2024\/10\/logo_catedra_de_proyectos_e_inversiones_estrategicas_en_aragon_02b_2-1.png\u00bb title_text=\u00bblogo_catedra_de_proyectos_e_inversiones_estrategicas_en_aragon_02b_2&#8243; url=\u00bbhttps:\/\/catedras.unizar.es\/catedra\/catedra-de-impulso-de-proyectos-e-inversiones-estrategicas-en-aragon\u00bb url_new_window=\u00bbon\u00bb _builder_version=\u00bb4.27.3&#8243; _module_preset=\u00bbdefault\u00bb global_colors_info=\u00bb{}\u00bb][\/et_pb_image][\/et_pb_column][et_pb_column type=\u00bb1_2&#8243; _builder_version=\u00bb4.27.3&#8243; _module_preset=\u00bbdefault\u00bb global_colors_info=\u00bb{}\u00bb][et_pb_image src=\u00bbhttps:\/\/personal.unizar.es\/gimenof\/wp-content\/uploads\/2024\/11\/catedra_contratacion_publica_local-01.png\u00bb title_text=\u00bbcatedra_contratacion_publica_local-01&#8243; url=\u00bbhttps:\/\/catedras.unizar.es\/catedra\/catedra-de-la-contratacion-publica-local\u00bb url_new_window=\u00bbon\u00bb _builder_version=\u00bb4.27.3&#8243; _module_preset=\u00bbdefault\u00bb width=\u00bb85%\u00bb global_colors_info=\u00bb{}\u00bb][\/et_pb_image][\/et_pb_column][\/et_pb_row][\/et_pb_section][et_pb_section fb_built=\u00bb1&#8243; fullwidth=\u00bbon\u00bb _builder_version=\u00bb4.27.3&#8243; _module_preset=\u00bbdefault\u00bb global_colors_info=\u00bb{}\u00bb][et_pb_fullwidth_post_title _builder_version=\u00bb4.27.3&#8243; _module_preset=\u00bbdefault\u00bb title_text_align=\u00bbleft\u00bb title_font_size=\u00bb54px\u00bb meta_font_size=\u00bb0px\u00bb custom_padding=\u00bb1px|||||\u00bb global_colors_info=\u00bb{}\u00bb][\/et_pb_fullwidth_post_title][\/et_pb_section][et_pb_section fb_built=\u00bb1&#8243; _builder_version=\u00bb4.27.3&#8243; _module_preset=\u00bbdefault\u00bb global_colors_info=\u00bb{}\u00bb][et_pb_row _builder_version=\u00bb4.27.3&#8243; _module_preset=\u00bbdefault\u00bb global_colors_info=\u00bb{}\u00bb][et_pb_column type=\u00bb4_4&#8243; _builder_version=\u00bb4.27.3&#8243; _module_preset=\u00bbdefault\u00bb global_colors_info=\u00bb{}\u00bb][et_pb_text _builder_version=\u00bb4.27.3&#8243; _module_preset=\u00bbdefault\u00bb global_colors_info=\u00bb{}\u00bb]<\/p>\n<h1>C\u00e1tedra de Impulso de Proyectos e Inversiones Estrat\u00e9gicas en Arag\u00f3n<\/h1>\n<p><strong>Objetivos<\/strong><\/p>\n<p>Favorecer el desarrollo de inversiones estrat\u00e9gicas y proyectos de inter\u00e9s general en el territorio de la Comunidad Aut\u00f3noma, para lo cual precisa, entre otras cuestiones, mejorar las f\u00f3rmulas que lo permiten seg\u00fan la normativa actual, as\u00ed como explorar la importaci\u00f3n de otras que se est\u00e1n desarrollando en otros \u00e1mbitos territoriales, en particular, en el \u00e1mbito nacional y europeo. El objetivo es encontrar v\u00edas para acelerar al m\u00e1ximo posible la llegada de esas inversiones a Arag\u00f3n.<\/p>\n<p><strong>Perspectivas<\/strong><\/p>\n<p><strong>Estudios e informes<\/strong><\/p>\n<ol>\n<li>Grupo de trabajo previo del Departamento de Sanidad, el Departamento de Hacienda y Administraci\u00f3n P\u00fablica y la Universidad de Zaragoza. Estudio y propuesta jur\u00eddica de regulaci\u00f3n sobre Inversiones Estrat\u00e9gicas de Salud en Arag\u00f3n. Celebraci\u00f3n de una Jornada sobre inversiones estrat\u00e9gicas en Salud en Arag\u00f3n.<\/li>\n<li>Grupo de trabajo previo del Departamento de Sanidad, el Departamento de Hacienda y Administraci\u00f3n P\u00fablica y la Universidad de Zaragoza. Estudio de soluciones en el \u00e1mbito de la mejora de la eficiencia y la salud mediante modelos de adquisici\u00f3n.<\/li>\n<li>Estudios sobre el marco jur\u00eddico de la vivienda en Arag\u00f3n.<\/li>\n<li>Estudio del marco normativo de los PIGAS en Arag\u00f3n. Soluciones jur\u00eddicas para simplificaci\u00f3n y reforzar su implantaci\u00f3n en Arag\u00f3n.<\/li>\n<li>Estudio del marco normativo de las energ\u00edas renovables en Arag\u00f3n:\u00a0 Soluciones jur\u00eddicas y t\u00e9cnicas para reforzar su implantaci\u00f3n en Arag\u00f3n.<\/li>\n<\/ol>\n<p><strong>II.- Actividades de difusi\u00f3n de conocimiento<\/strong><\/p>\n<ol>\n<li>Seminario sobre contrataci\u00f3n p\u00fablica y aspectos pr\u00e1cticos (junio de 2024, Panticosa).<\/li>\n<li>\u00a0 VI Congreso nacional del Observatorio de Contrataci\u00f3n P\u00fablica\u00a0 (Octubre 2024).<\/li>\n<li>Seminario cuestiones de actualidad en la jurisprudencia del Tribunal. Supremo\/Tribunal Constitucional.<\/li>\n<li>\u00a0 \u00a0Evento atracci\u00f3n de empresas sector Salud (enero 2024).<\/li>\n<\/ol>\n<p><a href=\"https:\/\/www.aragonhoy.es\/consejos-de-gobierno\/gobierno-universidad-zaragoza-mano-captar-inversiones-estrategicas-aragon-94640https:\/\/\">https:\/\/www.aragonhoy.es\/consejos-de-gobierno\/gobierno-universidad-zaragoza-mano-captar-inversiones-estrategicas-aragon-94640<\/a><\/p>\n<p><a href=\"https:\/\/www.aragonhoy.es\/consejos-de-gobierno\/gobierno-universidad-zaragoza-mano-captar-inversiones-estrategicas-aragon-94640https:\/\/\">https:\/\/<\/a><a href=\"http:\/\/www.aragonhoy.es\/sanidad\/gobierno-aragon-nuevo-marco-normativo-permita-atraer-inversiones-estrategicas-sanitarias-comunidad-autonoma-94656\">www.aragonhoy.es\/sanidad\/gobierno-aragon-nuevo-marco-normativo-permita-atraer-inversiones-estrategicas-sanitarias-comunidad-autonoma-94656<\/a><\/p>\n<p>&nbsp;<\/p>\n<p>&nbsp;<\/p>\n<p>[\/et_pb_text][\/et_pb_column][\/et_pb_row][et_pb_row column_structure=\u00bb1_2,1_2&#8243; _builder_version=\u00bb4.27.3&#8243; _module_preset=\u00bbdefault\u00bb global_colors_info=\u00bb{}\u00bb][et_pb_column type=\u00bb1_2&#8243; _builder_version=\u00bb4.27.3&#8243; _module_preset=\u00bbdefault\u00bb global_colors_info=\u00bb{}\u00bb][et_pb_image src=\u00bbhttps:\/\/personal.unizar.es\/gimenof\/wp-content\/uploads\/2024\/11\/PHOTO-2023-12-21-12-52-41-1.jpg\u00bb title_text=\u00bbPHOTO-2023-12-21-12-52-41&#8243; _builder_version=\u00bb4.27.3&#8243; _module_preset=\u00bbdefault\u00bb width=\u00bb80%\u00bb global_colors_info=\u00bb{}\u00bb][\/et_pb_image][\/et_pb_column][et_pb_column type=\u00bb1_2&#8243; _builder_version=\u00bb4.27.3&#8243; _module_preset=\u00bbdefault\u00bb global_colors_info=\u00bb{}\u00bb][et_pb_image src=\u00bbhttps:\/\/personal.unizar.es\/gimenof\/wp-content\/uploads\/2024\/11\/IMG_1283-scaled.jpeg\u00bb title_text=\u00bbIMG_1283&#8243; _builder_version=\u00bb4.27.3&#8243; _module_preset=\u00bbdefault\u00bb width=\u00bb100%\u00bb max_width=\u00bb100%\u00bb max_height=\u00bb1000px\u00bb global_colors_info=\u00bb{}\u00bb][\/et_pb_image][\/et_pb_column][\/et_pb_row][\/et_pb_section][et_pb_section fb_built=\u00bb1&#8243; _builder_version=\u00bb4.27.3&#8243; _module_preset=\u00bbdefault\u00bb global_colors_info=\u00bb{}\u00bb][et_pb_row _builder_version=\u00bb4.27.3&#8243; _module_preset=\u00bbdefault\u00bb global_colors_info=\u00bb{}\u00bb][et_pb_column type=\u00bb4_4&#8243; _builder_version=\u00bb4.27.3&#8243; _module_preset=\u00bbdefault\u00bb global_colors_info=\u00bb{}\u00bb][\/et_pb_column][\/et_pb_row][\/et_pb_section][et_pb_section fb_built=\u00bb1&#8243; _builder_version=\u00bb4.27.3&#8243; _module_preset=\u00bbdefault\u00bb global_colors_info=\u00bb{}\u00bb][et_pb_row column_structure=\u00bb1_2,1_2&#8243; _builder_version=\u00bb4.27.3&#8243; _module_preset=\u00bbdefault\u00bb global_colors_info=\u00bb{}\u00bb][et_pb_column type=\u00bb1_2&#8243; _builder_version=\u00bb4.27.3&#8243; _module_preset=\u00bbdefault\u00bb global_colors_info=\u00bb{}\u00bb][et_pb_heading title=\u00bbC\u00c1TEDRAS UNIZAR\u00bb _builder_version=\u00bb4.27.3&#8243; _module_preset=\u00bbdefault\u00bb title_level=\u00bbh2&#8243; global_colors_info=\u00bb{}\u00bb][\/et_pb_heading][\/et_pb_column][et_pb_column type=\u00bb1_2&#8243; _builder_version=\u00bb4.27.3&#8243; _module_preset=\u00bbdefault\u00bb global_colors_info=\u00bb{}\u00bb][et_pb_button button_text=\u00bbACCEDER A C\u00c1TEDRAS EN UNIZAR.ES\u00bb _builder_version=\u00bb4.27.3&#8243; _module_preset=\u00bbdefault\u00bb global_colors_info=\u00bb{}\u00bb][\/et_pb_button][\/et_pb_column][\/et_pb_row][\/et_pb_section]<\/p>\n","protected":false},"excerpt":{"rendered":"<p>C\u00e1tedra de Impulso de Proyectos e Inversiones Estrat\u00e9gicas en Arag\u00f3n Objetivos Favorecer el desarrollo de inversiones estrat\u00e9gicas y proyectos de inter\u00e9s general en el territorio de la Comunidad Aut\u00f3noma, para lo cual precisa, entre otras cuestiones, mejorar las f\u00f3rmulas que lo permiten seg\u00fan la normativa actual, as\u00ed como explorar la importaci\u00f3n de otras que se [&hellip;]<\/p>\n","protected":false},"author":1,"featured_media":0,"parent":0,"menu_order":0,"comment_status":"closed","ping_status":"closed","template":"","meta":{"_et_pb_use_builder":"on","_et_pb_old_content":"","_et_gb_content_width":"","footnotes":""},"class_list":["post-3028","page","type-page","status-publish","hentry"],"_links":{"self":[{"href":"https:\/\/personal.unizar.es\/gimenof\/wp-json\/wp\/v2\/pages\/3028","targetHints":{"allow":["GET"]}}],"collection":[{"href":"https:\/\/personal.unizar.es\/gimenof\/wp-json\/wp\/v2\/pages"}],"about":[{"href":"https:\/\/personal.unizar.es\/gimenof\/wp-json\/wp\/v2\/types\/page"}],"author":[{"embeddable":true,"href":"https:\/\/personal.unizar.es\/gimenof\/wp-json\/wp\/v2\/users\/1"}],"replies":[{"embeddable":true,"href":"https:\/\/personal.unizar.es\/gimenof\/wp-json\/wp\/v2\/comments?post=3028"}],"version-history":[{"count":17,"href":"https:\/\/personal.unizar.es\/gimenof\/wp-json\/wp\/v2\/pages\/3028\/revisions"}],"predecessor-version":[{"id":3178,"href":"https:\/\/personal.unizar.es\/gimenof\/wp-json\/wp\/v2\/pages\/3028\/revisions\/3178"}],"wp:attachment":[{"href":"https:\/\/personal.unizar.es\/gimenof\/wp-json\/wp\/v2\/media?parent=3028"}],"curies":[{"name":"wp","href":"https:\/\/api.w.org\/{rel}","templated":true}]}}